{"id":110,"date":"2018-03-10T20:44:04","date_gmt":"2018-03-10T19:44:04","guid":{"rendered":"http:\/\/www.zrobimyraban.pl\/?page_id=110"},"modified":"2019-11-12T22:45:07","modified_gmt":"2019-11-12T21:45:07","slug":"audycje","status":"publish","type":"page","link":"http:\/\/www.zrobimyraban.pl\/?page_id=110","title":{"rendered":"Audycje"},"content":{"rendered":"<p><strong>1. DROGAMI M\u0141ODO\u015aCI<\/strong> &#8211; audycje wyemitowane na falach <strong>Katolickiego Radia Podlasie 101,7 fm:<br \/>\n<\/strong><\/p>\n<p>I. AUDYCJA &#8211; <strong>Pasje i talenty:<\/strong><\/p>\n<!--[if lt IE 9]><script>document.createElement('audio');<\/script><![endif]-->\n<audio class=\"wp-audio-shortcode\" id=\"audio-110-1\" preload=\"none\" style=\"width: 100%;\" controls=\"controls\"><source type=\"audio\/mpeg\" src=\"http:\/\/www.zrobimyraban.pl\/wp-content\/uploads\/2018\/03\/AUDYCJA-2-Pasje-i-talenty.mp3?_=1\" \/><a href=\"http:\/\/www.zrobimyraban.pl\/wp-content\/uploads\/2018\/03\/AUDYCJA-2-Pasje-i-talenty.mp3\">http:\/\/www.zrobimyraban.pl\/wp-content\/uploads\/2018\/03\/AUDYCJA-2-Pasje-i-talenty.mp3<\/a><\/audio>\n<p>&nbsp;<\/p>\n<p>II. AUDYCJA &#8211; <strong>Dziewczyny dzisiaj z byle kim nie ta\u0144cz\u0105:<\/strong><\/p>\n<audio class=\"wp-audio-shortcode\" id=\"audio-110-2\" preload=\"none\" style=\"width: 100%;\" controls=\"controls\"><source type=\"audio\/mpeg\" src=\"http:\/\/www.zrobimyraban.pl\/wp-content\/uploads\/2018\/03\/AUDYCJA-1-Dziewczyny-dzisiaj-z-byle-kim-nie-ta\u0144cz\u0105.mp3?_=2\" \/><a href=\"http:\/\/www.zrobimyraban.pl\/wp-content\/uploads\/2018\/03\/AUDYCJA-1-Dziewczyny-dzisiaj-z-byle-kim-nie-ta\u0144cz\u0105.mp3\">http:\/\/www.zrobimyraban.pl\/wp-content\/uploads\/2018\/03\/AUDYCJA-1-Dziewczyny-dzisiaj-z-byle-kim-nie-ta\u0144cz\u0105.mp3<\/a><\/audio>\n<p>&nbsp;<\/p>\n<p><strong>WI\u0118CEJ AUDYCJI?<\/strong> Kliknij poni\u017cszy link, aby znale\u017a\u0107 kolejne nagrania na stronie<strong> Archiwum D\u017awi\u0119k\u00f3w KRP:<\/strong><\/p>\n<p><a href=\"http:\/\/archiwum.radiopodlasie.pl\/category\/audycje\/drogami-mlodosci-audycje\/bronski-pawel-ks-wielki-post-2010-drogami-mlodosci-audycje\/\">http:\/\/archiwum.radiopodlasie.pl\/category\/audycje\/drogami-mlodosci-audycje\/bronski-pawel-ks-wielki-post-2010-drogami-mlodosci-audycje\/<\/a><\/p>\n<p><a href=\"http:\/\/archiwum.radiopodlasie.pl\/category\/audycje\/drogami-mlodosci-audycje\/bronski-pawel-ks-wielki-post-2010-drogami-mlodosci-audycje\/\"><img loading=\"lazy\" class=\"wp-image-123 size-medium alignleft\" src=\"http:\/\/www.zrobimyraban.pl\/wp-content\/uploads\/2018\/03\/og-image-300x157.jpg\" alt=\"\" width=\"300\" height=\"157\" srcset=\"http:\/\/www.zrobimyraban.pl\/wp-content\/uploads\/2018\/03\/og-image-300x157.jpg 300w, http:\/\/www.zrobimyraban.pl\/wp-content\/uploads\/2018\/03\/og-image.jpg 534w\" sizes=\"(max-width: 300px) 100vw, 300px\" \/><\/a><\/p>\n<p>&nbsp;<\/p>\n<p>&nbsp;<\/p>\n<p>&nbsp;<\/p>\n<p>&nbsp;<\/p>\n<p><strong>2. AUDIO&#8230; B\u00d3G<\/strong>, czyli rozwa\u017cania o wierze, zlecone przez <strong>Krajowe Duszpasterstwo M\u0142odzie\u017cy: <\/strong><a href=\"http:\/\/kdm.org.pl\/rokwiary.php?j=101\">http:\/\/kdm.org.pl\/rokwiary.php?j=101<\/a><\/p>\n<p><img loading=\"lazy\" class=\"alignnone size-medium wp-image-222\" src=\"http:\/\/www.zrobimyraban.pl\/wp-content\/uploads\/2018\/03\/zamyslenia-300x148.jpg\" alt=\"\" width=\"300\" height=\"148\" srcset=\"http:\/\/www.zrobimyraban.pl\/wp-content\/uploads\/2018\/03\/zamyslenia-300x148.jpg 300w, http:\/\/www.zrobimyraban.pl\/wp-content\/uploads\/2018\/03\/zamyslenia.jpg 463w\" sizes=\"(max-width: 300px) 100vw, 300px\" \/><\/p>\n<p>&nbsp;<\/p>\n<p><strong>3. ZAMY\u015aLENIA ADWENTOWE<\/strong> w Katolickim Radio Podlasie:<\/p>\n<p><a href=\"http:\/\/archiwum.radiopodlasie.pl\/category\/adwent-2\/2010-adwent-2\/bronski-pawel-ks-adwent-2010\/\">http:\/\/archiwum.radiopodlasie.pl\/category\/adwent-2\/2010-adwent-2\/bronski-pawel-ks-adwent-2010\/<\/a><\/p>\n<p>&nbsp;<\/p>\n<p><strong>4. ZAMY\u015aLENIA WIELKOPOSTNE<\/strong> w Katolickim Radio Podlasie:<\/p>\n<p><a href=\"http:\/\/archiwum.radiopodlasie.pl\/category\/wielki-post-2\/2010\/bronski-pawel-ks-wielki-post-2010\/\">http:\/\/archiwum.radiopodlasie.pl\/category\/wielki-post-2\/2010\/bronski-pawel-ks-wielki-post-2010\/<\/a><\/p>\n<p>&nbsp;<\/p>\n","protected":false},"excerpt":{"rendered":"<p>1. DROGAMI M\u0141ODO\u015aCI &#8211; audycje wyemitowane na falach Katolickiego Radia Podlasie 101,7 fm: I. AUDYCJA &#8211; Pasje i talenty: &nbsp; II. AUDYCJA &#8211; Dziewczyny dzisiaj z byle kim nie ta\u0144cz\u0105:&hellip;<\/p>\n<div class=\"read-more\"><a href=\"http:\/\/www.zrobimyraban.pl\/?page_id=110\" class=\"read-more-link\">See More<\/a><\/div>\n","protected":false},"author":1,"featured_media":0,"parent":0,"menu_order":0,"comment_status":"closed","ping_status":"closed","template":"","meta":[],"_links":{"self":[{"href":"http:\/\/www.zrobimyraban.pl\/index.php?rest_route=\/wp\/v2\/pages\/110"}],"collection":[{"href":"http:\/\/www.zrobimyraban.pl\/index.php?rest_route=\/wp\/v2\/pages"}],"about":[{"href":"http:\/\/www.zrobimyraban.pl\/index.php?rest_route=\/wp\/v2\/types\/page"}],"author":[{"embeddable":true,"href":"http:\/\/www.zrobimyraban.pl\/index.php?rest_route=\/wp\/v2\/users\/1"}],"replies":[{"embeddable":true,"href":"http:\/\/www.zrobimyraban.pl\/index.php?rest_route=%2Fwp%2Fv2%2Fcomments&post=110"}],"version-history":[{"count":19,"href":"http:\/\/www.zrobimyraban.pl\/index.php?rest_route=\/wp\/v2\/pages\/110\/revisions"}],"predecessor-version":[{"id":487,"href":"http:\/\/www.zrobimyraban.pl\/index.php?rest_route=\/wp\/v2\/pages\/110\/revisions\/487"}],"wp:attachment":[{"href":"http:\/\/www.zrobimyraban.pl\/index.php?rest_route=%2Fwp%2Fv2%2Fmedia&parent=110"}],"curies":[{"name":"wp","href":"https:\/\/api.w.org\/{rel}","templated":true}]}}